{"id":148,"date":"2013-11-05T22:56:19","date_gmt":"2013-11-05T20:56:19","guid":{"rendered":"http:\/\/www.wp.kirche-ihrhove.de\/wordpress\/?page_id=148"},"modified":"2021-06-01T20:34:46","modified_gmt":"2021-06-01T19:34:46","slug":"kindergottesdienst","status":"publish","type":"page","link":"http:\/\/www.wp.kirche-ihrhove.de\/wordpress\/?page_id=148","title":{"rendered":"Kindergottesdienst"},"content":{"rendered":"<p>Au\u00dferhalb der Ferien wird an jedem Sonntag zum Kindergottesdienst eingeladen. Der Kindergottesdienst wird um 10:30 Uhr im Gemeindezentrum gefeiert.&nbsp;<\/p>\n<p>In Anlehnung an Ausarbeitungen des gesamtkirchlichen Kindergottesdienstbeauftragten Alfred Mengel wird in der Evangelischen Gemeinde Ihrhove nach folgender Ordnung Kindergottesdienst gefeiert:<\/p>\n<p><strong><em><strong>Ankommen:<\/strong><\/em><\/strong><em> Das Zusammensein begr\u00fcnden (Eingangswort), begr\u00fc\u00dfen, singen und musizieren, beten, h\u00f6ren, Kollekte sammeln.<br \/>\n<strong><strong>Verk\u00fcndigen:<\/strong><\/strong> Erz\u00e4hlen biblischer Geschichten, h\u00f6ren, spielen, gestalten, Ergebnisse zeigen, miteinander feiern (z.B. Geburtstage, etc.)<br \/>\n<\/em><em><strong><strong>Gehen: <\/strong><\/strong>Beten, singen und musizieren, Segen, verabschieden, Verteilblatt mitnehmen<\/em><\/p>\n<p>In den Kindergottesdiensten werden regelm\u00e4\u00dfig Kollekten zur Unterst\u00fctzung von Patenkindern gesammelt und es wird auch regelm\u00e4\u00dfig \u00fcber diese Patenkinder informiert. Es werden Briefmarken f\u00fcr Bethel gesammelt und in Abst\u00e4nden \u00fcber die Arbeit der Briefmarkenstelle und der Einrichtung in Bethel berichtet.<\/p>\n<p>Seit Jahren werden die j\u00fcngeren Kinder nach den Sommerferien im Gemeindehaus zu einem Kindergottesdienstsommerfest und vor dem vierten Advent zu einer Kindergottesdienstweihnachtsfeier eingeladen. In den letzten Jahren nahmen die Kinder auch hin und wieder gestaltend an Tauffeiern teil und es wurden vereinzelt auch Familiengottesdienste (Singwochenende mit Frau Angela Diemert, Gottesdienste im Gemeindezentrum an Weihnachten und Ostern&#8230;) mitgestaltet.<\/p>\n<p>Seit 1999 wird zusammen mit der evangelisch-altreformierten Kirche zu einem mehrt\u00e4gigem Kinderbibeltreff eingeladen. Zielgruppe f\u00fcr diesen Kinderbibeltreff sind die 6-10 j\u00e4hrigen Kinder im Grundschulalter. Gut 100 Kinder nehmen j\u00e4hrlich an diesem Treff teil, der in Zusammenarbeit mit der Deutschen Zeltmission durchgef\u00fchrt wird. An einem Abend findet eine gemeinsame Aktion f\u00fcr Eltern und Kinder statt. Getragen wird der Kinderbibeltreff durch einen Mitarbeiterkreis von 40 bis 50 Personen, der sich aus Eltern der teilnehmenden Kinder und Kindergottesdienstmitarbeitern der beiden Gemeinden zusammensetzt. Am Sonntag endet die Aktion mit einem gemeinsamen Familiengottesdienst.<\/p>\n","protected":false},"excerpt":{"rendered":"<p>Au\u00dferhalb der Ferien wird an jedem Sonntag zum Kindergottesdienst eingeladen. Der Kindergottesdienst wird um 10:30 Uhr im Gemeindezentrum gefeiert.&nbsp; In Anlehnung an Ausarbeitungen des gesamtkirchlichen Kindergottesdienstbeauftragten Alfred Mengel wird in der Evangelischen Gemeinde Ihrhove nach folgender Ordnung Kindergottesdienst gefeiert: Ankommen: Das Zusammensein begr\u00fcnden (Eingangswort), begr\u00fc\u00dfen, singen und musizieren, beten, h\u00f6ren, Kollekte sammeln. Verk\u00fcndigen: Erz\u00e4hlen biblischer [&hellip;]<\/p>\n","protected":false},"author":1,"featured_media":0,"parent":144,"menu_order":0,"comment_status":"closed","ping_status":"closed","template":"","meta":{"ngg_post_thumbnail":0,"footnotes":""},"class_list":["post-148","page","type-page","status-publish","hentry"],"_links":{"self":[{"href":"http:\/\/www.wp.kirche-ihrhove.de\/wordpress\/index.php?rest_route=\/wp\/v2\/pages\/148","targetHints":{"allow":["GET"]}}],"collection":[{"href":"http:\/\/www.wp.kirche-ihrhove.de\/wordpress\/index.php?rest_route=\/wp\/v2\/pages"}],"about":[{"href":"http:\/\/www.wp.kirche-ihrhove.de\/wordpress\/index.php?rest_route=\/wp\/v2\/types\/page"}],"author":[{"embeddable":true,"href":"http:\/\/www.wp.kirche-ihrhove.de\/wordpress\/index.php?rest_route=\/wp\/v2\/users\/1"}],"replies":[{"embeddable":true,"href":"http:\/\/www.wp.kirche-ihrhove.de\/wordpress\/index.php?rest_route=%2Fwp%2Fv2%2Fcomments&post=148"}],"version-history":[{"count":8,"href":"http:\/\/www.wp.kirche-ihrhove.de\/wordpress\/index.php?rest_route=\/wp\/v2\/pages\/148\/revisions"}],"predecessor-version":[{"id":809,"href":"http:\/\/www.wp.kirche-ihrhove.de\/wordpress\/index.php?rest_route=\/wp\/v2\/pages\/148\/revisions\/809"}],"up":[{"embeddable":true,"href":"http:\/\/www.wp.kirche-ihrhove.de\/wordpress\/index.php?rest_route=\/wp\/v2\/pages\/144"}],"wp:attachment":[{"href":"http:\/\/www.wp.kirche-ihrhove.de\/wordpress\/index.php?rest_route=%2Fwp%2Fv2%2Fmedia&parent=148"}],"curies":[{"name":"wp","href":"https:\/\/api.w.org\/{rel}","templated":true}]}}