{"id":61,"date":"2013-11-03T00:19:15","date_gmt":"2013-11-02T22:19:15","guid":{"rendered":"http:\/\/www.wp.kirche-ihrhove.de\/wordpress\/?page_id=61"},"modified":"2021-02-15T21:34:53","modified_gmt":"2021-02-15T20:34:53","slug":"diakoniekreis","status":"publish","type":"page","link":"http:\/\/www.wp.kirche-ihrhove.de\/wordpress\/?page_id=61","title":{"rendered":"Diakoniekreis"},"content":{"rendered":"\n<p>Unser&nbsp;Diakoniekreis versammelt sich monatlich an jedem 3. Mittwochabend in unserem Gemeindezentrum. Er wird vorbereitet und geleitet von Pastor Gerold Alsmeier, und es beteiligen sich 10 bis 15 Frauen.<\/p>\n\n\n\n<p>Nach seiner Er\u00f6ffnung mit einer biblischen Besinnung erm\u00f6glicht und f\u00f6rdert&nbsp;das Teetrinken pers\u00f6nliche Gemeinschaft und Aussprache. Dar\u00fcber hinaus wird die kirchengemeindliche SeniorInnenarbeit besprochen. Daf\u00fcr werden pers\u00f6nliche Dienste verabredet und schriftliche Einladungen&nbsp;an 500 \u00e4ltere Gemeindeglieder verteilt. Daneben werden andere diakonische Herausforderungen und Entwicklungen&nbsp;und der kirchliche und gemeindliche Einsatz besprochen<\/p>\n","protected":false},"excerpt":{"rendered":"<p>Unser&nbsp;Diakoniekreis versammelt sich monatlich an jedem 3. Mittwochabend in unserem Gemeindezentrum. Er wird vorbereitet und geleitet von Pastor Gerold Alsmeier, und es beteiligen sich 10 bis 15 Frauen. Nach seiner Er\u00f6ffnung mit einer biblischen Besinnung erm\u00f6glicht und f\u00f6rdert&nbsp;das Teetrinken pers\u00f6nliche Gemeinschaft und Aussprache. Dar\u00fcber hinaus wird die kirchengemeindliche SeniorInnenarbeit besprochen. Daf\u00fcr werden pers\u00f6nliche Dienste verabredet [&hellip;]<\/p>\n","protected":false},"author":1,"featured_media":0,"parent":56,"menu_order":0,"comment_status":"closed","ping_status":"open","template":"","meta":{"ngg_post_thumbnail":0,"footnotes":""},"class_list":["post-61","page","type-page","status-publish","hentry"],"_links":{"self":[{"href":"http:\/\/www.wp.kirche-ihrhove.de\/wordpress\/index.php?rest_route=\/wp\/v2\/pages\/61","targetHints":{"allow":["GET"]}}],"collection":[{"href":"http:\/\/www.wp.kirche-ihrhove.de\/wordpress\/index.php?rest_route=\/wp\/v2\/pages"}],"about":[{"href":"http:\/\/www.wp.kirche-ihrhove.de\/wordpress\/index.php?rest_route=\/wp\/v2\/types\/page"}],"author":[{"embeddable":true,"href":"http:\/\/www.wp.kirche-ihrhove.de\/wordpress\/index.php?rest_route=\/wp\/v2\/users\/1"}],"replies":[{"embeddable":true,"href":"http:\/\/www.wp.kirche-ihrhove.de\/wordpress\/index.php?rest_route=%2Fwp%2Fv2%2Fcomments&post=61"}],"version-history":[{"count":2,"href":"http:\/\/www.wp.kirche-ihrhove.de\/wordpress\/index.php?rest_route=\/wp\/v2\/pages\/61\/revisions"}],"predecessor-version":[{"id":575,"href":"http:\/\/www.wp.kirche-ihrhove.de\/wordpress\/index.php?rest_route=\/wp\/v2\/pages\/61\/revisions\/575"}],"up":[{"embeddable":true,"href":"http:\/\/www.wp.kirche-ihrhove.de\/wordpress\/index.php?rest_route=\/wp\/v2\/pages\/56"}],"wp:attachment":[{"href":"http:\/\/www.wp.kirche-ihrhove.de\/wordpress\/index.php?rest_route=%2Fwp%2Fv2%2Fmedia&parent=61"}],"curies":[{"name":"wp","href":"https:\/\/api.w.org\/{rel}","templated":true}]}}